{"id":428,"date":"2016-03-02T18:15:52","date_gmt":"2016-03-02T22:15:52","guid":{"rendered":"http:\/\/moraspungo.gob.ec\/cotopaxi\/?page_id=428"},"modified":"2017-06-15T12:57:48","modified_gmt":"2017-06-15T16:57:48","slug":"rendicion-de-cuentas-2016","status":"publish","type":"page","link":"https:\/\/moraspungo.gob.ec\/cotopaxi\/rendicion-de-cuentas-2016\/","title":{"rendered":"Rendici\u00f3n de Cuentas 2016"},"content":{"rendered":"<p>DOCUMENTOS DE SUSTENTO PROCESO DELIBERACI\u00d3N PUBLICA A\u00d1O 2016 DEL GAD PARROQUIAL DE MORASPUNGO. EN CUMPLIMIENTO DE LA NORMATIVA LEGAL VIGENTE DEL CONSEJO DE PARTICIPACI\u00d3N CIUDADANA Y CONTROL SOCIAL.<\/p>\n<p><a href=\"http:\/\/moraspungo.gob.ec\/cotopaxi\/wp-content\/uploads\/2016\/03\/REGLAMENTO-CONSEJO-DE-PLANIFICACION.pdf\">REGLAMENTO CONSEJO DE PLANIFICACION<\/a><\/p>\n<p><a href=\"http:\/\/moraspungo.gob.ec\/cotopaxi\/wp-content\/uploads\/2016\/03\/CONFORMACION-DEL-CONSEJO-DE-PLANIFICACION.pdf\">CONFORMACION DEL CONSEJO DE PLANIFICACION<\/a><\/p>\n<p><a href=\"http:\/\/moraspungo.gob.ec\/cotopaxi\/wp-content\/uploads\/2016\/03\/ENTREGA-DE-DOCUMENTACION.pdf\">ENTREGA DE DOCUMENTACION<\/a><\/p>\n<p><a href=\"http:\/\/moraspungo.gob.ec\/cotopaxi\/wp-content\/uploads\/2016\/03\/CONTRATACION-PUBLICIDAD.pdf\">CONTRATACION PUBLICIDAD<\/a><\/p>\n<p><a href=\"http:\/\/moraspungo.gob.ec\/cotopaxi\/wp-content\/uploads\/2016\/03\/APROBACION-PRESUPUESTO-PARTICIPATIVO-2016.pdf\">APROBACION PRESUPUESTO PARTICIPATIVO 2016<\/a><\/p>\n<p><a href=\"http:\/\/moraspungo.gob.ec\/cotopaxi\/wp-content\/uploads\/2016\/03\/HOJA-RUTA.pdf\">HOJA RUTA<\/a><\/p>\n<p><a href=\"http:\/\/moraspungo.gob.ec\/cotopaxi\/wp-content\/uploads\/2016\/03\/INFORME-DELIBERACION-PUBLICA-ENTREGA-Y-REVISION.pdf\">INFORME DELIBERACION PUBLICA ENTREGA Y REVISION<\/a><\/p>\n<p><a href=\"http:\/\/moraspungo.gob.ec\/cotopaxi\/wp-content\/uploads\/2016\/03\/ASISTENCIA-DELIBERACION-PUBLICA.pdf\">ASISTENCIA DELIBERACION PUBLICA<\/a><\/p>\n<p><a href=\"http:\/\/moraspungo.gob.ec\/cotopaxi\/wp-content\/uploads\/2016\/03\/Archivo-COMPILACION-RC2016.pdf\">Archivo (COMPILACION RC2016)<\/a><\/p>\n<p><a href=\"http:\/\/moraspungo.gob.ec\/cotopaxi\/wp-content\/uploads\/2016\/03\/CONSULTA-CIUDADANA.pdf\">CONSULTA CIUDADANA<\/a><\/p>\n<p><a href=\"http:\/\/moraspungo.gob.ec\/cotopaxi\/wp-content\/uploads\/2016\/03\/ACTA-DE-CUMPLIMIENTO-DELIBERACION-PUBLICA.pdf\">ACTA DE CUMPLIMIENTO DELIBERACION PUBLICA<\/a><\/p>\n<p><a href=\"http:\/\/moraspungo.gob.ec\/cotopaxi\/wp-content\/uploads\/2016\/03\/ACTA-CONFORMACION-EQUIPO-RENDICION-DE-CUENTAS.pdf\">ACTA CONFORMACION EQUIPO RENDICION DE CUENTAS<\/a><\/p>\n<p><a href=\"http:\/\/moraspungo.gob.ec\/cotopaxi\/wp-content\/uploads\/2016\/03\/APROBACION-DE-ARCHIVO.pdf\">APROBACION DE ARCHIVO<\/a><\/p>\n<p><a href=\"http:\/\/moraspungo.gob.ec\/cotopaxi\/wp-content\/uploads\/2016\/03\/CONFORMACION-COMISIONES-MIXTAS-RC.pdf\">CONFORMACION COMISIONES MIXTAS RC<\/a><\/p>\n<p><a href=\"http:\/\/moraspungo.gob.ec\/cotopaxi\/wp-content\/uploads\/2016\/03\/EJECUCION-PRESUPUESTARIA.pdf\">EJECUCION PRESUPUESTARIA<\/a><\/p>\n<p><a href=\"http:\/\/moraspungo.gob.ec\/cotopaxi\/wp-content\/uploads\/2016\/03\/INVITACION-DELIBERACION-PUBLICA.pdf\">INVITACION DELIBERACION PUBLICA<\/a><\/p>\n<p><a href=\"http:\/\/moraspungo.gob.ec\/cotopaxi\/wp-content\/uploads\/2016\/03\/PRESENTACION-DE-INFORME-DE-RENDICION-DE-CUENTAS.pdf\">PRESENTACION DE INFORME DE RENDICION DE CUENTAS<\/a><\/p>\n<p><a href=\"http:\/\/moraspungo.gob.ec\/cotopaxi\/wp-content\/uploads\/2016\/03\/RECOLECCION-DE-SUGERENCIAS-MESAS-DE-TRABAJO.pdf\">RECOLECCION DE SUGERENCIAS &#8211; MESAS DE TRABAJO<\/a><\/p>\n<p><a href=\"http:\/\/moraspungo.gob.ec\/cotopaxi\/wp-content\/uploads\/2016\/03\/CUMPLIMIENTO-DELIBERACION-PUBLICA.pdf\">CUMPLIMIENTO DELIBERACION PUBLICA<\/a><\/p>\n<p><a href=\"http:\/\/moraspungo.gob.ec\/cotopaxi\/wp-content\/uploads\/2016\/03\/APORTE-CIUDADANO.pdf\">APORTE CIUDADANO<\/a><\/p>\n<p><a href=\"http:\/\/moraspungo.gob.ec\/cotopaxi\/wp-content\/uploads\/2016\/03\/REPORTE-SOCE-2016.xlsx\">REPORTE SOCE 2016<\/a><\/p>\n<p><a href=\"http:\/\/moraspungo.gob.ec\/cotopaxi\/wp-content\/uploads\/2016\/03\/FORMULARIO.xlsx\">FORMULARIO<\/a><\/p>\n","protected":false},"excerpt":{"rendered":"<p>DOCUMENTOS DE SUSTENTO PROCESO DELIBERACI\u00d3N PUBLICA A\u00d1O 2016 DEL GAD PARROQUIAL DE MORASPUNGO. EN CUMPLIMIENTO DE LA NORMATIVA LEGAL VIGENTE DEL CONSEJO DE PARTICIPACI\u00d3N CIUDADANA Y CONTROL SOCIAL. REGLAMENTO CONSEJO DE PLANIFICACION CONFORMACION DEL CONSEJO DE PLANIFICACION ENTREGA DE DOCUMENTACION CONTRATACION PUBLICIDAD APROBACION PRESUPUESTO PARTICIPATIVO 2016 HOJA RUTA INFORME DELIBERACION PUBLICA ENTREGA Y REVISION ASISTENCIA [&hellip;]<\/p>\n","protected":false},"author":2,"featured_media":0,"parent":0,"menu_order":0,"comment_status":"closed","ping_status":"closed","template":"","meta":{"footnotes":""},"class_list":["post-428","page","type-page","status-publish","hentry","post"],"yoast_head":"<!-- This site is optimized with the Yoast SEO plugin v24.2 - https:\/\/yoast.com\/wordpress\/plugins\/seo\/ -->\n<title>Rendici\u00f3n de Cuentas 2016 - GAD parroquial Moraspungo<\/title>\n<meta name=\"robots\" content=\"index, follow, max-snippet:-1, max-image-preview:large, max-video-preview:-1\" \/>\n<link rel=\"canonical\" href=\"https:\/\/moraspungo.gob.ec\/cotopaxi\/rendicion-de-cuentas-2016\/\" \/>\n<meta property=\"og:locale\" content=\"es_ES\" \/>\n<meta property=\"og:type\" content=\"article\" \/>\n<meta property=\"og:title\" content=\"Rendici\u00f3n de Cuentas 2016 - GAD parroquial Moraspungo\" \/>\n<meta property=\"og:description\" content=\"DOCUMENTOS DE SUSTENTO PROCESO DELIBERACI\u00d3N PUBLICA A\u00d1O 2016 DEL GAD PARROQUIAL DE MORASPUNGO. EN CUMPLIMIENTO DE LA NORMATIVA LEGAL VIGENTE DEL CONSEJO DE PARTICIPACI\u00d3N CIUDADANA Y CONTROL SOCIAL. REGLAMENTO CONSEJO DE PLANIFICACION CONFORMACION DEL CONSEJO DE PLANIFICACION ENTREGA DE DOCUMENTACION CONTRATACION PUBLICIDAD APROBACION PRESUPUESTO PARTICIPATIVO 2016 HOJA RUTA INFORME DELIBERACION PUBLICA ENTREGA Y REVISION ASISTENCIA [&hellip;]\" \/>\n<meta property=\"og:url\" content=\"https:\/\/moraspungo.gob.ec\/cotopaxi\/rendicion-de-cuentas-2016\/\" \/>\n<meta property=\"og:site_name\" content=\"GAD parroquial Moraspungo\" \/>\n<meta property=\"article:modified_time\" content=\"2017-06-15T16:57:48+00:00\" \/>\n<meta name=\"twitter:card\" content=\"summary_large_image\" \/>\n<meta name=\"twitter:label1\" content=\"Tiempo de lectura\" \/>\n\t<meta name=\"twitter:data1\" content=\"1 minuto\" \/>\n<script type=\"application\/ld+json\" class=\"yoast-schema-graph\">{\"@context\":\"https:\/\/schema.org\",\"@graph\":[{\"@type\":\"WebPage\",\"@id\":\"https:\/\/moraspungo.gob.ec\/cotopaxi\/rendicion-de-cuentas-2016\/\",\"url\":\"https:\/\/moraspungo.gob.ec\/cotopaxi\/rendicion-de-cuentas-2016\/\",\"name\":\"Rendici\u00f3n de Cuentas 2016 - GAD parroquial Moraspungo\",\"isPartOf\":{\"@id\":\"https:\/\/moraspungo.gob.ec\/cotopaxi\/#website\"},\"datePublished\":\"2016-03-02T22:15:52+00:00\",\"dateModified\":\"2017-06-15T16:57:48+00:00\",\"breadcrumb\":{\"@id\":\"https:\/\/moraspungo.gob.ec\/cotopaxi\/rendicion-de-cuentas-2016\/#breadcrumb\"},\"inLanguage\":\"es\",\"potentialAction\":[{\"@type\":\"ReadAction\",\"target\":[\"https:\/\/moraspungo.gob.ec\/cotopaxi\/rendicion-de-cuentas-2016\/\"]}]},{\"@type\":\"BreadcrumbList\",\"@id\":\"https:\/\/moraspungo.gob.ec\/cotopaxi\/rendicion-de-cuentas-2016\/#breadcrumb\",\"itemListElement\":[{\"@type\":\"ListItem\",\"position\":1,\"name\":\"Home\",\"item\":\"https:\/\/moraspungo.gob.ec\/cotopaxi\/\"},{\"@type\":\"ListItem\",\"position\":2,\"name\":\"Rendici\u00f3n de Cuentas 2016\"}]},{\"@type\":\"WebSite\",\"@id\":\"https:\/\/moraspungo.gob.ec\/cotopaxi\/#website\",\"url\":\"https:\/\/moraspungo.gob.ec\/cotopaxi\/\",\"name\":\"GAD parroquial Moraspungo\",\"description\":\"Sitio Oficial del GAD Parroquial de Moraspungo Cotopaxi\",\"publisher\":{\"@id\":\"https:\/\/moraspungo.gob.ec\/cotopaxi\/#organization\"},\"potentialAction\":[{\"@type\":\"SearchAction\",\"target\":{\"@type\":\"EntryPoint\",\"urlTemplate\":\"https:\/\/moraspungo.gob.ec\/cotopaxi\/?s={search_term_string}\"},\"query-input\":{\"@type\":\"PropertyValueSpecification\",\"valueRequired\":true,\"valueName\":\"search_term_string\"}}],\"inLanguage\":\"es\"},{\"@type\":\"Organization\",\"@id\":\"https:\/\/moraspungo.gob.ec\/cotopaxi\/#organization\",\"name\":\"GAD parroquial Moraspungo\",\"url\":\"https:\/\/moraspungo.gob.ec\/cotopaxi\/\",\"logo\":{\"@type\":\"ImageObject\",\"inLanguage\":\"es\",\"@id\":\"https:\/\/moraspungo.gob.ec\/cotopaxi\/#\/schema\/logo\/image\/\",\"url\":\"\",\"contentUrl\":\"\",\"caption\":\"GAD parroquial Moraspungo\"},\"image\":{\"@id\":\"https:\/\/moraspungo.gob.ec\/cotopaxi\/#\/schema\/logo\/image\/\"}}]}<\/script>\n<!-- \/ Yoast SEO plugin. -->","yoast_head_json":{"title":"Rendici\u00f3n de Cuentas 2016 - GAD parroquial Moraspungo","robots":{"index":"index","follow":"follow","max-snippet":"max-snippet:-1","max-image-preview":"max-image-preview:large","max-video-preview":"max-video-preview:-1"},"canonical":"https:\/\/moraspungo.gob.ec\/cotopaxi\/rendicion-de-cuentas-2016\/","og_locale":"es_ES","og_type":"article","og_title":"Rendici\u00f3n de Cuentas 2016 - GAD parroquial Moraspungo","og_description":"DOCUMENTOS DE SUSTENTO PROCESO DELIBERACI\u00d3N PUBLICA A\u00d1O 2016 DEL GAD PARROQUIAL DE MORASPUNGO. EN CUMPLIMIENTO DE LA NORMATIVA LEGAL VIGENTE DEL CONSEJO DE PARTICIPACI\u00d3N CIUDADANA Y CONTROL SOCIAL. REGLAMENTO CONSEJO DE PLANIFICACION CONFORMACION DEL CONSEJO DE PLANIFICACION ENTREGA DE DOCUMENTACION CONTRATACION PUBLICIDAD APROBACION PRESUPUESTO PARTICIPATIVO 2016 HOJA RUTA INFORME DELIBERACION PUBLICA ENTREGA Y REVISION ASISTENCIA [&hellip;]","og_url":"https:\/\/moraspungo.gob.ec\/cotopaxi\/rendicion-de-cuentas-2016\/","og_site_name":"GAD parroquial Moraspungo","article_modified_time":"2017-06-15T16:57:48+00:00","twitter_card":"summary_large_image","twitter_misc":{"Tiempo de lectura":"1 minuto"},"schema":{"@context":"https:\/\/schema.org","@graph":[{"@type":"WebPage","@id":"https:\/\/moraspungo.gob.ec\/cotopaxi\/rendicion-de-cuentas-2016\/","url":"https:\/\/moraspungo.gob.ec\/cotopaxi\/rendicion-de-cuentas-2016\/","name":"Rendici\u00f3n de Cuentas 2016 - GAD parroquial Moraspungo","isPartOf":{"@id":"https:\/\/moraspungo.gob.ec\/cotopaxi\/#website"},"datePublished":"2016-03-02T22:15:52+00:00","dateModified":"2017-06-15T16:57:48+00:00","breadcrumb":{"@id":"https:\/\/moraspungo.gob.ec\/cotopaxi\/rendicion-de-cuentas-2016\/#breadcrumb"},"inLanguage":"es","potentialAction":[{"@type":"ReadAction","target":["https:\/\/moraspungo.gob.ec\/cotopaxi\/rendicion-de-cuentas-2016\/"]}]},{"@type":"BreadcrumbList","@id":"https:\/\/moraspungo.gob.ec\/cotopaxi\/rendicion-de-cuentas-2016\/#breadcrumb","itemListElement":[{"@type":"ListItem","position":1,"name":"Home","item":"https:\/\/moraspungo.gob.ec\/cotopaxi\/"},{"@type":"ListItem","position":2,"name":"Rendici\u00f3n de Cuentas 2016"}]},{"@type":"WebSite","@id":"https:\/\/moraspungo.gob.ec\/cotopaxi\/#website","url":"https:\/\/moraspungo.gob.ec\/cotopaxi\/","name":"GAD parroquial Moraspungo","description":"Sitio Oficial del GAD Parroquial de Moraspungo Cotopaxi","publisher":{"@id":"https:\/\/moraspungo.gob.ec\/cotopaxi\/#organization"},"potentialAction":[{"@type":"SearchAction","target":{"@type":"EntryPoint","urlTemplate":"https:\/\/moraspungo.gob.ec\/cotopaxi\/?s={search_term_string}"},"query-input":{"@type":"PropertyValueSpecification","valueRequired":true,"valueName":"search_term_string"}}],"inLanguage":"es"},{"@type":"Organization","@id":"https:\/\/moraspungo.gob.ec\/cotopaxi\/#organization","name":"GAD parroquial Moraspungo","url":"https:\/\/moraspungo.gob.ec\/cotopaxi\/","logo":{"@type":"ImageObject","inLanguage":"es","@id":"https:\/\/moraspungo.gob.ec\/cotopaxi\/#\/schema\/logo\/image\/","url":"","contentUrl":"","caption":"GAD parroquial Moraspungo"},"image":{"@id":"https:\/\/moraspungo.gob.ec\/cotopaxi\/#\/schema\/logo\/image\/"}}]}},"_links":{"self":[{"href":"https:\/\/moraspungo.gob.ec\/cotopaxi\/wp-json\/wp\/v2\/pages\/428","targetHints":{"allow":["GET"]}}],"collection":[{"href":"https:\/\/moraspungo.gob.ec\/cotopaxi\/wp-json\/wp\/v2\/pages"}],"about":[{"href":"https:\/\/moraspungo.gob.ec\/cotopaxi\/wp-json\/wp\/v2\/types\/page"}],"author":[{"embeddable":true,"href":"https:\/\/moraspungo.gob.ec\/cotopaxi\/wp-json\/wp\/v2\/users\/2"}],"replies":[{"embeddable":true,"href":"https:\/\/moraspungo.gob.ec\/cotopaxi\/wp-json\/wp\/v2\/comments?post=428"}],"version-history":[{"count":13,"href":"https:\/\/moraspungo.gob.ec\/cotopaxi\/wp-json\/wp\/v2\/pages\/428\/revisions"}],"predecessor-version":[{"id":617,"href":"https:\/\/moraspungo.gob.ec\/cotopaxi\/wp-json\/wp\/v2\/pages\/428\/revisions\/617"}],"wp:attachment":[{"href":"https:\/\/moraspungo.gob.ec\/cotopaxi\/wp-json\/wp\/v2\/media?parent=428"}],"curies":[{"name":"wp","href":"https:\/\/api.w.org\/{rel}","templated":true}]}}